Last updated on 2023-09-28 05:56:43 CEST.
Flavor | Version | Tinstall | Tcheck | Ttotal | Status | Flags |
---|---|---|---|---|---|---|
r-devel-linux-x86_64-debian-clang | 0.9.9 | 93.54 | 313.69 | 407.23 | NOTE | |
r-devel-linux-x86_64-debian-gcc | 0.9.9 | 88.13 | 232.04 | 320.17 | NOTE | |
r-devel-linux-x86_64-fedora-clang | 0.9.9 | 555.23 | NOTE | |||
r-devel-linux-x86_64-fedora-gcc | 0.9.9 | 576.71 | NOTE | |||
r-devel-windows-x86_64 | 0.9.9 | 93.00 | 354.00 | 447.00 | NOTE | |
r-patched-linux-x86_64 | 0.9.9 | 117.93 | 306.06 | 423.99 | NOTE | |
r-release-linux-x86_64 | 0.9.9 | 124.64 | 305.49 | 430.13 | NOTE | |
r-release-macos-arm64 | 0.9.9 | 174.00 | NOTE | |||
r-release-macos-x86_64 | 0.9.9 | 293.00 | NOTE | |||
r-release-windows-x86_64 | 0.9.9 | 118.00 | 411.00 | 529.00 | NOTE | |
r-oldrel-macos-arm64 | 0.9.9 | 161.00 | NOTE | |||
r-oldrel-macos-x86_64 | 0.9.9 | 213.00 | NOTE | |||
r-oldrel-windows-x86_64 | 0.9.9 | 115.00 | 398.00 | 513.00 | NOTE |
Version: 0.9.9
Check: C++ specification
Result: NOTE
Specified C++11: please drop specification unless essential
Flavors: r-devel-linux-x86_64-debian-clang, r-devel-linux-x86_64-debian-gcc, r-devel-linux-x86_64-fedora-clang, r-devel-linux-x86_64-fedora-gcc, r-devel-windows-x86_64, r-patched-linux-x86_64, r-release-linux-x86_64, r-release-macos-arm64, r-release-macos-x86_64, r-release-windows-x86_64
Version: 0.9.9
Check: installed package size
Result: NOTE
installed size is 9.4Mb
sub-directories of 1Mb or more:
libs 8.5Mb
Flavors: r-devel-linux-x86_64-fedora-clang, r-devel-windows-x86_64, r-release-macos-arm64, r-release-macos-x86_64, r-release-windows-x86_64, r-oldrel-macos-arm64, r-oldrel-macos-x86_64, r-oldrel-windows-x86_64