CRAN Package Check Results for Package broom

Last updated on 2020-07-09 04:49:15 CEST.

Flavor Version Tinstall Tcheck Ttotal Status Flags
r-devel-linux-x86_64-debian-clang 0.5.6 11.02 219.19 230.21 OK
r-devel-linux-x86_64-debian-gcc 0.5.6 9.13 163.26 172.39 OK
r-devel-linux-x86_64-fedora-clang 0.5.6 296.02 OK
r-devel-linux-x86_64-fedora-gcc 0.5.6 284.65 OK
r-devel-windows-ix86+x86_64 0.5.6 25.00 272.00 297.00 OK
r-patched-linux-x86_64 0.5.6 11.13 213.75 224.88 NOTE
r-patched-solaris-x86 0.5.6 357.70 OK
r-release-linux-x86_64 0.5.6 11.62 213.41 225.03 OK
r-release-osx-x86_64 0.5.6 OK
r-release-windows-ix86+x86_64 0.5.6 22.00 242.00 264.00 OK
r-oldrel-osx-x86_64 0.5.6 OK
r-oldrel-windows-ix86+x86_64 0.5.6 41.00 348.00 389.00 OK

Check Details

Version: 0.5.6
Check: package dependencies
Result: NOTE
    Package suggested but not available for checking: ‘rstanarm’
Flavor: r-patched-linux-x86_64