CRAN Package Check Results for Package brms.mmrm

Last updated on 2024-03-05 04:57:33 CET.

Flavor Version Tinstall Tcheck Ttotal Status Flags
r-devel-linux-x86_64-debian-clang 0.1.0 45.70 377.04 422.74 OK
r-devel-linux-x86_64-debian-gcc 0.1.0 35.57 273.60 309.17 OK
r-devel-linux-x86_64-fedora-clang 0.1.0 521.22 OK
r-devel-linux-x86_64-fedora-gcc 0.1.0 515.93 OK
r-devel-windows-x86_64 0.1.0 29.00 241.00 270.00 OK
r-patched-linux-x86_64 0.1.0 48.01 366.37 414.38 OK
r-release-linux-x86_64 0.1.0 0.66 2.29 2.95 ERROR
r-release-macos-arm64 0.1.0 143.00 OK
r-release-macos-x86_64 0.1.0 264.00 OK
r-release-windows-x86_64 0.1.0 39.00 320.00 359.00 OK
r-oldrel-macos-arm64 0.1.0 140.00 OK
r-oldrel-windows-x86_64 0.1.0 40.00 328.00 368.00 OK

Check Details

Version: 0.1.0
Check: package dependencies
Result: ERROR Package required but not available: ‘trialr’ See section ‘The DESCRIPTION file’ in the ‘Writing R Extensions’ manual. Flavor: r-release-linux-x86_64