Last updated on 2023-10-03 05:09:17 CEST.
Flavor | Version | Tinstall | Tcheck | Ttotal | Status | Flags |
---|---|---|---|---|---|---|
r-devel-linux-x86_64-debian-clang | 1.1-2 | 13.40 | 343.10 | 356.50 | OK | |
r-devel-linux-x86_64-debian-gcc | 1.1-2 | 9.43 | 261.51 | 270.94 | OK | |
r-devel-linux-x86_64-fedora-clang | 1.1-2 | 406.24 | OK | |||
r-devel-linux-x86_64-fedora-gcc | 1.1-2 | 479.29 | OK | |||
r-devel-windows-x86_64 | 1.1-2 | 11.00 | 167.00 | 178.00 | OK | |
r-patched-linux-x86_64 | 1.1-2 | 11.67 | 351.14 | 362.81 | OK | |
r-release-linux-x86_64 | 1.1-2 | 13.73 | 361.85 | 375.58 | OK | |
r-release-macos-arm64 | 1.1-2 | 106.00 | OK | |||
r-release-macos-x86_64 | 1.1-2 | 118.00 | NOTE | |||
r-release-windows-x86_64 | 1.1-2 | 16.00 | 215.00 | 231.00 | OK | |
r-oldrel-macos-arm64 | 1.1-2 | 77.00 | OK | |||
r-oldrel-macos-x86_64 | 1.1-2 | 111.00 | NOTE | |||
r-oldrel-windows-x86_64 | 1.1-2 | 14.00 | 230.00 | 244.00 | OK |
Version: 1.1-2
Check: package dependencies
Result: NOTE
Packages suggested but not available for checking:
'BayesFactor', 'rstan', 'rstanarm', 'MCMCpack'
Flavor: r-release-macos-x86_64
Version: 1.1-2
Check: package dependencies
Result: NOTE
Packages suggested but not available for checking:
'R2jags', 'rjags', 'runjags'
Flavor: r-oldrel-macos-x86_64