CRAN Package Check Results for Package bridger

Last updated on 2024-03-03 04:48:31 CET.

Flavor Version Tinstall Tcheck Ttotal Status Flags
r-devel-linux-x86_64-debian-clang 0.1.0 7.59 56.81 64.40 NOTE
r-devel-linux-x86_64-debian-gcc 0.1.0 5.97 42.81 48.78 NOTE
r-devel-linux-x86_64-fedora-clang 0.1.0 84.50 NOTE
r-devel-linux-x86_64-fedora-gcc 0.1.0 80.50 NOTE
r-devel-windows-x86_64 0.1.0 7.00 61.00 68.00 OK
r-patched-linux-x86_64 0.1.0 4.49 54.81 59.30 OK
r-release-linux-x86_64 0.1.0 5.02 54.13 59.15 OK
r-release-macos-arm64 0.1.0 26.00 OK
r-release-macos-x86_64 0.1.0 40.00 OK
r-release-windows-x86_64 0.1.0 11.00 72.00 83.00 OK
r-oldrel-macos-arm64 0.1.0 26.00 NOTE
r-oldrel-windows-x86_64 0.1.0 10.00 70.00 80.00 OK

Check Details

Version: 0.1.0
Check: Rd files
Result: NOTE checkRd: (-1) printHands.Rd:40: Lost braces in \itemize; meant \describe ? checkRd: (-1) printHands.Rd:41: Lost braces in \itemize; meant \describe ? checkRd: (-1) printHands.Rd:42: Lost braces in \itemize; meant \describe ? Flavors: r-devel-linux-x86_64-debian-clang, r-devel-linux-x86_64-debian-gcc, r-devel-linux-x86_64-fedora-clang, r-devel-linux-x86_64-fedora-gcc

Version: 0.1.0
Check: dependencies in R code
Result: NOTE Namespace in Imports field not imported from: ‘kableExtra’ All declared Imports should be used. Flavors: r-devel-linux-x86_64-fedora-clang, r-devel-linux-x86_64-fedora-gcc, r-oldrel-macos-arm64