CRAN Package Check Results for Package brclimr

Last updated on 2024-02-23 16:53:12 CET.

Flavor Version Tinstall Tcheck Ttotal Status Flags
r-devel-linux-x86_64-debian-clang 0.1.2 ERROR
r-devel-linux-x86_64-debian-gcc 0.1.2 2.18 24.04 26.22 OK
r-devel-linux-x86_64-fedora-clang 0.1.2 1.74 ERROR
r-devel-linux-x86_64-fedora-gcc 0.1.2 40.43 OK
r-devel-windows-x86_64 0.1.2 4.00 45.00 49.00 OK
r-patched-linux-x86_64 0.1.2 3.12 30.68 33.80 OK
r-release-linux-x86_64 0.1.2 2.85 29.80 32.65 OK
r-release-macos-arm64 0.1.2 20.00 OK
r-release-macos-x86_64 0.1.2 26.00 OK
r-release-windows-x86_64 0.1.2 5.00 49.00 54.00 OK
r-oldrel-macos-arm64 0.1.2 18.00 OK
r-oldrel-windows-x86_64 0.1.2 5.00 50.00 55.00 OK

Check Details

Version: 0.1.2
Check: package dependencies
Result: ERROR Package required but not available: ‘arrow’ See section ‘The DESCRIPTION file’ in the ‘Writing R Extensions’ manual. Flavors: r-devel-linux-x86_64-debian-clang, r-devel-linux-x86_64-fedora-clang