Last updated on 2023-12-10 16:51:08 CET.
Flavor | Version | Tinstall | Tcheck | Ttotal | Status | Flags |
---|---|---|---|---|---|---|
r-devel-linux-x86_64-debian-clang | 1.6.0 | 8.55 | 67.86 | 76.41 | NOTE | |
r-devel-linux-x86_64-debian-gcc | 1.6.0 | 6.61 | 51.34 | 57.95 | NOTE | |
r-devel-linux-x86_64-fedora-clang | 1.6.0 | 100.32 | NOTE | |||
r-devel-linux-x86_64-fedora-gcc | 1.6.0 | 96.85 | NOTE | |||
r-devel-windows-x86_64 | 1.6.0 | 8.00 | 65.00 | 73.00 | NOTE | |
r-patched-linux-x86_64 | 1.6.0 | 15.36 | 67.47 | 82.83 | NOTE | |
r-release-linux-x86_64 | 1.6.0 | 7.77 | 66.78 | 74.55 | NOTE | |
r-release-macos-arm64 | 1.6.0 | 31.00 | NOTE | |||
r-release-macos-x86_64 | 1.6.0 | 54.00 | NOTE | |||
r-release-windows-x86_64 | 1.6.0 | 11.00 | 72.00 | 83.00 | NOTE | |
r-oldrel-macos-arm64 | 1.6.0 | 43.00 | NOTE | |||
r-oldrel-macos-x86_64 | 1.6.0 | 73.00 | NOTE | |||
r-oldrel-windows-x86_64 | 1.6.0 | 10.00 | 75.00 | 85.00 | NOTE |
Version: 1.6.0
Check: LazyData
Result: NOTE
'LazyData' is specified without a 'data' directory
Flavors: r-devel-linux-x86_64-debian-clang, r-devel-linux-x86_64-debian-gcc, r-devel-linux-x86_64-fedora-clang, r-devel-linux-x86_64-fedora-gcc, r-devel-windows-x86_64, r-patched-linux-x86_64, r-release-linux-x86_64, r-release-macos-arm64, r-release-macos-x86_64, r-release-windows-x86_64, r-oldrel-macos-arm64, r-oldrel-macos-x86_64, r-oldrel-windows-x86_64