CRAN Package Check Results for Package bpgmm

Last updated on 2023-12-10 16:51:08 CET.

Flavor Version Tinstall Tcheck Ttotal Status Flags
r-devel-linux-x86_64-debian-clang 1.0.9 113.71 75.60 189.31 NOTE
r-devel-linux-x86_64-debian-gcc 1.0.9 78.98 60.63 139.61 NOTE
r-devel-linux-x86_64-fedora-clang 1.0.9 282.11 NOTE
r-devel-linux-x86_64-fedora-gcc 1.0.9 297.02 NOTE
r-devel-windows-x86_64 1.0.9 88.00 111.00 199.00 NOTE
r-patched-linux-x86_64 1.0.9 70.44 78.38 148.82 NOTE
r-release-linux-x86_64 1.0.9 71.95 76.83 148.78 NOTE
r-release-macos-arm64 1.0.9 70.00 NOTE
r-release-macos-x86_64 1.0.9 111.00 NOTE
r-release-windows-x86_64 1.0.9 111.00 127.00 238.00 NOTE
r-oldrel-macos-arm64 1.0.9 61.00 NOTE
r-oldrel-macos-x86_64 1.0.9 85.00 NOTE
r-oldrel-windows-x86_64 1.0.9 110.00 110.00 220.00 OK

Additional issues

donttest

Check Details

Version: 1.0.9
Check: C++ specification
Result: NOTE Specified C++11: please drop specification unless essential Flavors: r-devel-linux-x86_64-debian-clang, r-devel-linux-x86_64-debian-gcc, r-devel-linux-x86_64-fedora-clang, r-devel-linux-x86_64-fedora-gcc, r-devel-windows-x86_64, r-patched-linux-x86_64, r-release-linux-x86_64, r-release-macos-arm64, r-release-macos-x86_64, r-release-windows-x86_64

Version: 1.0.9
Check: installed package size
Result: NOTE installed size is 5.8Mb sub-directories of 1Mb or more: libs 5.6Mb Flavors: r-release-macos-arm64, r-release-macos-x86_64, r-oldrel-macos-arm64, r-oldrel-macos-x86_64