Last updated on 2023-12-01 04:53:50 CET.
Flavor | Version | Tinstall | Tcheck | Ttotal | Status | Flags |
---|---|---|---|---|---|---|
r-devel-linux-x86_64-debian-clang | 1.5.6 | 17.32 | 185.56 | 202.88 | OK | |
r-devel-linux-x86_64-debian-gcc | 1.5.6 | 13.91 | 134.08 | 147.99 | OK | |
r-devel-linux-x86_64-fedora-clang | 1.5.6 | 254.18 | NOTE | |||
r-devel-linux-x86_64-fedora-gcc | 1.5.6 | 235.35 | OK | |||
r-devel-windows-x86_64 | 1.5.6 | 21.00 | 137.00 | 158.00 | OK | |
r-patched-linux-x86_64 | 1.5.6 | 18.08 | 171.00 | 189.08 | OK | |
r-release-linux-x86_64 | 1.5.6 | 16.71 | 172.95 | 189.66 | OK | |
r-release-macos-arm64 | 1.5.6 | 44.00 | OK | |||
r-release-macos-x86_64 | 1.5.6 | 70.00 | OK | |||
r-release-windows-x86_64 | 1.5.6 | 21.00 | 171.00 | 192.00 | OK | |
r-oldrel-macos-arm64 | 1.5.6 | 64.00 | OK | |||
r-oldrel-macos-x86_64 | 1.5.6 | 98.00 | OK | |||
r-oldrel-windows-x86_64 | 1.5.6 | 24.00 | 171.00 | 195.00 | OK |
Version: 1.5.6
Check: Rd cross-references
Result: NOTE
Undeclared package ‘psych’ in Rd xrefs
Flavor: r-devel-linux-x86_64-fedora-clang