CRAN Package Check Results for Package bootnet

Last updated on 2020-08-10 06:47:20 CEST.

Flavor Version Tinstall Tcheck Ttotal Status Flags
r-devel-linux-x86_64-debian-clang 1.4.3 19.50 146.61 166.11 OK
r-devel-linux-x86_64-debian-gcc 1.4.3 18.82 110.72 129.54 OK
r-devel-linux-x86_64-fedora-clang 1.4.3 206.61 NOTE
r-devel-linux-x86_64-fedora-gcc 1.4.3 197.45 NOTE
r-devel-windows-ix86+x86_64 1.4.3 83.00 221.00 304.00 OK
r-patched-linux-x86_64 1.4.3 16.21 141.19 157.40 OK
r-patched-solaris-x86 1.4.3 286.20 NOTE
r-release-linux-x86_64 1.4.3 16.27 141.81 158.08 OK
r-release-macos-x86_64 1.4.3 NOTE
r-release-windows-ix86+x86_64 1.4.3 68.00 227.00 295.00 OK
r-oldrel-macos-x86_64 1.4.3 NOTE
r-oldrel-windows-ix86+x86_64 1.4.3 42.00 145.00 187.00 OK

Check Details

Version: 1.4.3
Check: package dependencies
Result: NOTE
    Imports includes 22 non-default packages.
    Importing from so many packages makes the package vulnerable to any of
    them becoming unavailable. Move as many as possible to Suggests and
    use conditionally.
Flavor: r-devel-linux-x86_64-fedora-clang

Version: 1.4.3
Check: dependencies in R code
Result: NOTE
    Namespace in Imports field not imported from: ‘psychTools’
     All declared Imports should be used.
Flavors: r-devel-linux-x86_64-fedora-clang, r-devel-linux-x86_64-fedora-gcc, r-patched-solaris-x86, r-release-macos-x86_64, r-oldrel-macos-x86_64

Version: 1.4.3
Check: Rd cross-references
Result: NOTE
    Undeclared package ‘psych’ in Rd xrefs
Flavor: r-devel-linux-x86_64-fedora-clang