CRAN Package Check Results for Package bootcluster

Last updated on 2021-12-08 03:58:14 CET.

Flavor Version Tinstall Tcheck Ttotal Status Flags
r-devel-linux-x86_64-debian-clang 0.2.5 12.69 107.77 120.46 OK
r-devel-linux-x86_64-debian-gcc 0.2.5 9.70 81.75 91.45 OK
r-devel-linux-x86_64-fedora-clang 0.2.5 147.80 NOTE
r-devel-linux-x86_64-fedora-gcc 0.2.5 130.80 NOTE
r-devel-windows-x86_64-new-UL 0.2.5 20.00 138.00 158.00 OK
r-devel-windows-x86_64-new-TK 0.2.5 NOTE
r-devel-windows-x86_64-old 0.2.5 18.00 124.00 142.00 OK
r-patched-linux-x86_64 0.2.5 10.13 101.89 112.02 OK
r-release-linux-x86_64 0.2.5 11.52 101.41 112.93 OK
r-release-macos-arm64 0.2.5 NOTE
r-release-macos-x86_64 0.2.5 NOTE
r-release-windows-ix86+x86_64 0.2.5 21.00 101.00 122.00 OK
r-oldrel-macos-x86_64 0.2.5 NOTE
r-oldrel-windows-ix86+x86_64 0.2.5 27.00 123.00 150.00 OK

Check Details

Version: 0.2.5
Check: dependencies in R code
Result: NOTE
    Namespace in Imports field not imported from: ‘sna’
     All declared Imports should be used.
Flavors: r-devel-linux-x86_64-fedora-clang, r-devel-linux-x86_64-fedora-gcc, r-devel-windows-x86_64-new-TK, r-release-macos-arm64, r-release-macos-x86_64, r-oldrel-macos-x86_64