Last updated on 2025-01-21 04:48:21 CET.
Flavor | Version | Tinstall | Tcheck | Ttotal | Status | Flags |
---|---|---|---|---|---|---|
r-devel-linux-x86_64-debian-clang | 1.0.0 | 142.00 | 34.08 | 176.08 | OK | |
r-devel-linux-x86_64-debian-gcc | 1.0.0 | 111.70 | 55.02 | 166.72 | OK | |
r-devel-linux-x86_64-fedora-clang | 1.0.0 | 325.82 | OK | |||
r-devel-linux-x86_64-fedora-gcc | 1.0.0 | 422.18 | OK | |||
r-devel-windows-x86_64 | 1.0.0 | 147.00 | 88.00 | 235.00 | OK | |
r-patched-linux-x86_64 | 1.0.0 | 161.68 | 69.78 | 231.46 | OK | |
r-release-linux-x86_64 | 1.0.0 | 159.29 | 70.02 | 229.31 | OK | |
r-release-macos-arm64 | 1.0.0 | 70.00 | NOTE | |||
r-release-macos-x86_64 | 1.0.0 | 97.00 | NOTE | |||
r-release-windows-x86_64 | 1.0.0 | 144.00 | 85.00 | 229.00 | OK | |
r-oldrel-macos-arm64 | 1.0.0 | 77.00 | NOTE | |||
r-oldrel-macos-x86_64 | 1.0.0 | 79.00 | NOTE | |||
r-oldrel-windows-x86_64 | 1.0.0 | 162.00 | 98.00 | 260.00 | OK |
Version: 1.0.0
Check: installed package size
Result: NOTE
installed size is 13.1Mb
sub-directories of 1Mb or more:
libs 12.2Mb
Flavors: r-release-macos-arm64, r-release-macos-x86_64, r-oldrel-macos-arm64, r-oldrel-macos-x86_64