CRAN Package Check Results for Package boodist

Last updated on 2024-03-02 04:48:17 CET.

Flavor Version Tinstall Tcheck Ttotal Status Flags
r-devel-linux-x86_64-debian-clang 1.0.0 206.01 43.98 249.99 OK
r-devel-linux-x86_64-debian-gcc 1.0.0 194.14 46.40 240.54 OK
r-devel-linux-x86_64-fedora-clang 1.0.0 356.43 OK
r-devel-linux-x86_64-fedora-gcc 1.0.0 416.83 OK
r-devel-windows-x86_64 1.0.0 163.00 89.00 252.00 OK
r-patched-linux-x86_64 1.0.0 211.72 57.11 268.83 OK
r-release-linux-x86_64 1.0.0 229.90 58.91 288.81 OK
r-release-macos-arm64 1.0.0 77.00 NOTE
r-release-macos-x86_64 1.0.0 79.00 NOTE
r-release-windows-x86_64 1.0.0 201.00 104.00 305.00 OK
r-oldrel-macos-arm64 1.0.0 68.00 NOTE
r-oldrel-windows-x86_64 1.0.0 197.00 94.00 291.00 OK

Check Details

Version: 1.0.0
Check: installed package size
Result: NOTE installed size is 13.1Mb sub-directories of 1Mb or more: libs 12.2Mb Flavors: r-release-macos-arm64, r-release-macos-x86_64, r-oldrel-macos-arm64