Last updated on 2023-12-08 16:54:02 CET.
Flavor | Version | Tinstall | Tcheck | Ttotal | Status | Flags |
---|---|---|---|---|---|---|
r-devel-linux-x86_64-debian-clang | 1.1.8-2 | 5.69 | 37.19 | 42.88 | NOTE | |
r-devel-linux-x86_64-debian-gcc | 1.1.8-2 | 4.13 | 27.98 | 32.11 | NOTE | |
r-devel-linux-x86_64-fedora-clang | 1.1.8-2 | 53.26 | OK | |||
r-devel-linux-x86_64-fedora-gcc | 1.1.8-2 | 52.31 | OK | |||
r-devel-windows-x86_64 | 1.1.8-2 | 5.00 | 56.00 | 61.00 | OK | |
r-patched-linux-x86_64 | 1.1.8-2 | 5.97 | 36.31 | 42.28 | OK | |
r-release-linux-x86_64 | 1.1.8-2 | 4.21 | 35.84 | 40.05 | OK | |
r-release-macos-arm64 | 1.1.8-2 | 20.00 | OK | |||
r-release-macos-x86_64 | 1.1.8-2 | 29.00 | OK | |||
r-release-windows-x86_64 | 1.1.8-2 | 6.00 | 62.00 | 68.00 | OK | |
r-oldrel-macos-arm64 | 1.1.8-2 | 20.00 | OK | |||
r-oldrel-macos-x86_64 | 1.1.8-2 | 27.00 | OK | |||
r-oldrel-windows-x86_64 | 1.1.8-2 | 17.00 | 61.00 | 78.00 | OK |
Version: 1.1.8-2
Check: Rd files
Result: NOTE
checkRd: (-1) boa.chain.collapse.Rd:20: Lost braces
20 | \seealso{ code{\link{boa.chain.reset}}, code{\link{boa.chain.subset}} }
| ^
checkRd: (-1) boa.chain.collapse.Rd:20: Lost braces
20 | \seealso{ code{\link{boa.chain.reset}}, code{\link{boa.chain.subset}} }
| ^
Flavors: r-devel-linux-x86_64-debian-clang, r-devel-linux-x86_64-debian-gcc