CRAN Package Check Results for Package bnpa

Last updated on 2024-04-20 16:54:09 CEST.

Flavor Version Tinstall Tcheck Ttotal Status Flags
r-devel-linux-x86_64-debian-clang 0.3.0 3.76 43.60 47.36 OK
r-devel-linux-x86_64-debian-gcc 0.3.0 2.87 32.15 35.02 OK
r-devel-linux-x86_64-fedora-clang 0.3.0 58.06 NOTE
r-devel-linux-x86_64-fedora-gcc 0.3.0 55.35 NOTE
r-prerel-macos-arm64 0.3.0 23.00 OK
r-prerel-macos-x86_64 0.3.0 34.00 OK
r-prerel-windows-x86_64 0.3.0 5.00 56.00 61.00 OK
r-patched-linux-x86_64 0.3.0 2.95 40.84 43.79 OK
r-release-linux-x86_64 0.3.0 3.00 41.66 44.66 OK
r-release-macos-arm64 0.3.0 22.00 OK
r-release-macos-x86_64 0.3.0 28.00 OK
r-release-windows-x86_64 0.3.0 6.00 61.00 67.00 OK
r-oldrel-macos-arm64 0.3.0 22.00 NOTE
r-oldrel-windows-x86_64 0.3.0 6.00 62.00 68.00 OK

Check Details

Version: 0.3.0
Check: dependencies in R code
Result: NOTE Namespaces in Imports field not imported from: ‘Rgraphviz’ ‘fastDummies’ All declared Imports should be used. Flavors: r-devel-linux-x86_64-fedora-clang, r-devel-linux-x86_64-fedora-gcc, r-oldrel-macos-arm64