Last updated on 2023-06-10 16:53:31 CEST.
Flavor | Version | Tinstall | Tcheck | Ttotal | Status | Flags |
---|---|---|---|---|---|---|
r-devel-linux-x86_64-debian-clang | 0.4.7 | 128.13 | 127.40 | 255.53 | NOTE | |
r-devel-linux-x86_64-debian-gcc | 0.4.7 | 87.79 | 91.35 | 179.14 | NOTE | |
r-devel-linux-x86_64-fedora-clang | 0.4.7 | 351.51 | NOTE | |||
r-devel-linux-x86_64-fedora-gcc | 0.4.7 | 369.65 | NOTE | |||
r-devel-windows-x86_64 | 0.4.7 | 74.00 | 187.00 | 261.00 | NOTE | |
r-patched-linux-x86_64 | 0.4.7 | 109.19 | 125.06 | 234.25 | NOTE | |
r-release-linux-x86_64 | 0.4.7 | 109.20 | 123.75 | 232.95 | NOTE | |
r-release-macos-arm64 | 0.4.7 | 94.00 | NOTE | |||
r-release-macos-x86_64 | 0.4.7 | 199.00 | NOTE | |||
r-release-windows-x86_64 | 0.4.7 | 78.00 | 176.00 | 254.00 | NOTE | |
r-oldrel-macos-arm64 | 0.4.7 | 88.00 | NOTE | |||
r-oldrel-macos-x86_64 | 0.4.7 | 104.00 | NOTE | |||
r-oldrel-windows-x86_64 | 0.4.7 | 101.00 | 161.00 | 262.00 | OK |
Version: 0.4.7
Check: C++ specification
Result: NOTE
Specified C++11: please drop specification unless essential
Flavors: r-devel-linux-x86_64-debian-clang, r-devel-linux-x86_64-debian-gcc, r-devel-linux-x86_64-fedora-clang, r-devel-linux-x86_64-fedora-gcc, r-devel-windows-x86_64, r-patched-linux-x86_64, r-release-linux-x86_64, r-release-macos-arm64, r-release-macos-x86_64, r-release-windows-x86_64
Version: 0.4.7
Check: installed package size
Result: NOTE
installed size is 7.3Mb
sub-directories of 1Mb or more:
libs 6.4Mb
Flavors: r-release-macos-arm64, r-release-macos-x86_64, r-oldrel-macos-arm64, r-oldrel-macos-x86_64