CRAN Package Check Results for Package blmeco

Last updated on 2024-06-13 16:49:01 CEST.

Flavor Version Tinstall Tcheck Ttotal Status Flags
r-devel-linux-x86_64-debian-clang 1.4 11.70 90.77 102.47 OK
r-devel-linux-x86_64-debian-gcc 1.4 0.26 1.73 1.99 ERROR
r-devel-linux-x86_64-fedora-clang 1.4 124.28 OK
r-devel-linux-x86_64-fedora-gcc 1.4 119.68 OK
r-devel-windows-x86_64 1.4 10.00 88.00 98.00 OK
r-patched-linux-x86_64 1.4 8.70 87.71 96.41 OK
r-release-linux-x86_64 1.4 9.94 87.94 97.88 OK
r-release-macos-arm64 1.4 42.00 OK
r-release-macos-x86_64 1.4 58.00 OK
r-release-windows-x86_64 1.4 10.00 90.00 100.00 OK
r-oldrel-macos-arm64 1.4 42.00 OK
r-oldrel-macos-x86_64 1.4 67.00 OK
r-oldrel-windows-x86_64 1.4 12.00 111.00 123.00 OK

Check Details

Version: 1.4
Check: package dependencies
Result: ERROR Packages required but not available: 'arm', 'lme4' See section ‘The DESCRIPTION file’ in the ‘Writing R Extensions’ manual. Flavor: r-devel-linux-x86_64-debian-gcc