CRAN Package Check Results for Package blavaan

Last updated on 2020-08-10 06:47:20 CEST.

Flavor Version Tinstall Tcheck Ttotal Status Flags
r-devel-linux-x86_64-debian-clang 0.3-10 302.88 215.95 518.83 NOTE
r-devel-linux-x86_64-debian-gcc 0.3-10 228.66 164.76 393.42 NOTE
r-devel-linux-x86_64-fedora-clang 0.3-10 655.07 NOTE
r-devel-linux-x86_64-fedora-gcc 0.3-10 605.16 NOTE
r-devel-windows-ix86+x86_64 0.3-10 502.00 438.00 940.00 NOTE
r-patched-linux-x86_64 0.3-10 0.02 2.94 2.96 ERROR
r-patched-solaris-x86 0.3-10 593.70 NOTE
r-release-linux-x86_64 0.3-10 202.40 213.83 416.23 NOTE
r-release-macos-x86_64 0.3-10 NOTE
r-release-windows-ix86+x86_64 0.3-10 386.00 442.00 828.00 NOTE
r-oldrel-macos-x86_64 0.3-10 NOTE
r-oldrel-windows-ix86+x86_64 0.3-10 395.00 320.00 715.00 NOTE

Check Details

Version: 0.3-10
Check: for GNU extensions in Makefiles
Result: NOTE
    GNU make is a SystemRequirements.
Flavors: r-devel-linux-x86_64-debian-clang, r-devel-linux-x86_64-debian-gcc, r-devel-linux-x86_64-fedora-clang, r-devel-linux-x86_64-fedora-gcc, r-devel-windows-ix86+x86_64, r-patched-solaris-x86, r-release-linux-x86_64, r-release-macos-x86_64, r-release-windows-ix86+x86_64, r-oldrel-macos-x86_64, r-oldrel-windows-ix86+x86_64

Version: 0.3-10
Check: installed package size
Result: NOTE
     installed size is 62.0Mb
     sub-directories of 1Mb or more:
     libs 60.0Mb
Flavors: r-devel-linux-x86_64-fedora-clang, r-devel-windows-ix86+x86_64, r-release-macos-x86_64, r-release-windows-ix86+x86_64, r-oldrel-macos-x86_64, r-oldrel-windows-ix86+x86_64

Version: 0.3-10
Check: whether package can be installed
Result: ERROR
    Installation failed.
Flavor: r-patched-linux-x86_64