CRAN Package Check Results for Package bioregion

Last updated on 2024-03-01 04:51:37 CET.

Flavor Version Tinstall Tcheck Ttotal Status Flags
r-devel-linux-x86_64-debian-clang 1.0.0 49.74 244.36 294.10 OK
r-devel-linux-x86_64-debian-gcc 1.0.0 31.14 181.82 212.96 OK
r-devel-linux-x86_64-fedora-clang 1.0.0 368.46 NOTE
r-devel-linux-x86_64-fedora-gcc 1.0.0 355.78 OK
r-devel-windows-x86_64 1.0.0 37.00 218.00 255.00 NOTE
r-patched-linux-x86_64 1.0.0 41.72 237.60 279.32 OK
r-release-linux-x86_64 1.0.0 34.60 235.38 269.98 OK
r-release-macos-arm64 1.0.0 110.00 OK
r-release-macos-x86_64 1.0.0 286.00 OK
r-release-windows-x86_64 1.0.0 50.00 266.00 316.00 NOTE
r-oldrel-macos-arm64 1.0.0 89.00 OK
r-oldrel-windows-x86_64 1.0.0 47.00 257.00 304.00 ERROR

Check Details

Version: 1.0.0
Check: Rd cross-references
Result: NOTE Undeclared package ‘vegan’ in Rd xrefs Flavor: r-devel-linux-x86_64-fedora-clang

Version: 1.0.0
Check: installed package size
Result: NOTE installed size is 5.1Mb sub-directories of 1Mb or more: data 1.7Mb doc 1.1Mb help 1.0Mb libs 1.0Mb Flavors: r-devel-windows-x86_64, r-release-windows-x86_64, r-oldrel-windows-x86_64

Version: 1.0.0
Check: re-building of vignette outputs
Result: ERROR Error(s) in re-building vignettes: --- re-building 'a1_install_binary_files.Rmd' using rmarkdown --- finished re-building 'a1_install_binary_files.Rmd' --- re-building 'a2_matrix_and_network_formats.Rmd' using rmarkdown CiteprocParseError: No citation element present Error: processing vignette 'a2_matrix_and_network_formats.Rmd' failed with diagnostics: pandoc document conversion failed with error 4 --- failed re-building 'a2_matrix_and_network_formats.Rmd' --- re-building 'bioregion.Rmd' using rmarkdown CiteprocParseError: No citation element present Error: processing vignette 'bioregion.Rmd' failed with diagnostics: pandoc document conversion failed with error 4 --- failed re-building 'bioregion.Rmd' SUMMARY: processing the following files failed: 'a2_matrix_and_network_formats.Rmd' 'bioregion.Rmd' Error: Vignette re-building failed. Execution halted Flavor: r-oldrel-windows-x86_64