CRAN Package Check Results for Package biomod2

Last updated on 2020-05-27 03:48:27 CEST.

Flavor Version Tinstall Tcheck Ttotal Status Flags
r-devel-linux-x86_64-debian-clang 3.4.6 46.52 258.57 305.09 NOTE
r-devel-linux-x86_64-debian-gcc 3.4.6 38.01 196.71 234.72 NOTE
r-devel-linux-x86_64-fedora-clang 3.4.6 359.09 NOTE
r-devel-linux-x86_64-fedora-gcc 3.4.6 362.64 NOTE
r-devel-windows-ix86+x86_64 3.4.6 100.00 351.00 451.00 OK
r-patched-linux-x86_64 3.4.6 47.49 251.81 299.30 NOTE
r-patched-solaris-x86 3.4.6 506.70 NOTE
r-release-linux-x86_64 3.4.6 42.29 253.37 295.66 NOTE
r-release-osx-x86_64 3.4.6 OK
r-release-windows-ix86+x86_64 3.4.6 88.00 339.00 427.00 OK
r-oldrel-osx-x86_64 3.4.6 OK
r-oldrel-windows-ix86+x86_64 3.4.6 67.00 254.00 321.00 OK

Check Details

Version: 3.4.6
Check: for non-standard things in the check directory
Result: NOTE
    Found the following files/directories:
     'GuloGulo'
Flavors: r-devel-linux-x86_64-debian-clang, r-devel-linux-x86_64-debian-gcc, r-devel-linux-x86_64-fedora-clang, r-devel-linux-x86_64-fedora-gcc, r-patched-linux-x86_64, r-patched-solaris-x86, r-release-linux-x86_64

Version: 3.4.6
Check: package dependencies
Result: NOTE
    Imports includes 27 non-default packages.
    Importing from so many packages makes the package vulnerable to any of
    them becoming unavailable. Move as many as possible to Suggests and
    use conditionally.
Flavor: r-devel-linux-x86_64-fedora-clang