CRAN Package Check Results for Package bioRad

Last updated on 2020-08-14 03:47:36 CEST.

Flavor Version Tinstall Tcheck Ttotal Status Flags
r-devel-linux-x86_64-debian-clang 0.5.2 1.25 2.51 3.76 ERROR
r-devel-linux-x86_64-debian-gcc 0.5.2 18.50 199.42 217.92 OK
r-devel-linux-x86_64-fedora-clang 0.5.2 347.58 NOTE
r-devel-linux-x86_64-fedora-gcc 0.5.2 341.32 OK
r-devel-windows-ix86+x86_64 0.5.2 70.00 303.00 373.00 NOTE
r-patched-linux-x86_64 0.5.2 21.73 261.49 283.22 OK
r-patched-solaris-x86 0.5.2 547.00 NOTE
r-release-linux-x86_64 0.5.2 21.87 262.08 283.95 OK
r-release-macos-x86_64 0.5.2 NOTE
r-release-windows-ix86+x86_64 0.5.2 65.00 458.00 523.00 NOTE
r-oldrel-macos-x86_64 0.5.2 NOTE
r-oldrel-windows-ix86+x86_64 0.5.2 36.00 293.00 329.00 NOTE

Check Details

Version: 0.5.2
Check: package dependencies
Result: ERROR
    Packages required but not available: 'ggmap', 'tidyr'
    
    See section 'The DESCRIPTION file' in the 'Writing R Extensions'
    manual.
Flavor: r-devel-linux-x86_64-debian-clang

Version: 0.5.2
Check: installed package size
Result: NOTE
     installed size is 5.7Mb
     sub-directories of 1Mb or more:
     data 1.6Mb
     doc 1.2Mb
     extdata 1.7Mb
Flavors: r-devel-linux-x86_64-fedora-clang, r-devel-windows-ix86+x86_64, r-patched-solaris-x86, r-release-macos-x86_64, r-release-windows-ix86+x86_64, r-oldrel-macos-x86_64, r-oldrel-windows-ix86+x86_64