CRAN Package Check Results for Package binr

Last updated on 2024-04-18 16:49:48 CEST.

Flavor Version Tinstall Tcheck Ttotal Status Flags
r-devel-linux-x86_64-debian-clang 1.1.1 2.50 25.21 27.71 NOTE
r-devel-linux-x86_64-debian-gcc 1.1.1 2.12 19.58 21.70 NOTE
r-devel-linux-x86_64-fedora-clang 1.1.1 35.14 NOTE
r-devel-linux-x86_64-fedora-gcc 1.1.1 33.47 NOTE
r-prerel-macos-arm64 1.1.1 15.00 NOTE
r-prerel-windows-x86_64 1.1.1 4.00 43.00 47.00 NOTE
r-patched-linux-x86_64 1.1.1 2.82 24.97 27.79 NOTE
r-release-linux-x86_64 1.1.1 2.02 25.04 27.06 OK
r-release-macos-arm64 1.1.1 18.00 OK
r-release-macos-x86_64 1.1.1 23.00 OK
r-release-windows-x86_64 1.1.1 4.00 41.00 45.00 OK
r-oldrel-macos-arm64 1.1.1 16.00 OK
r-oldrel-windows-x86_64 1.1.1 13.00 51.00 64.00 OK

Check Details

Version: 1.1.1
Check: Rd files
Result: NOTE checkRd: (-1) bins.Rd:46: Lost braces in \itemize; \value handles \item{}{} directly checkRd: (-1) bins.Rd:47: Lost braces in \itemize; \value handles \item{}{} directly checkRd: (-1) bins.Rd:48: Lost braces in \itemize; \value handles \item{}{} directly checkRd: (-1) bins.Rd:49: Lost braces in \itemize; \value handles \item{}{} directly checkRd: (-1) bins.Rd:50: Lost braces in \itemize; \value handles \item{}{} directly checkRd: (-1) bins.Rd:51: Lost braces in \itemize; \value handles \item{}{} directly checkRd: (-1) bins.Rd:52: Lost braces in \itemize; \value handles \item{}{} directly checkRd: (-1) bins.Rd:53: Lost braces in \itemize; \value handles \item{}{} directly checkRd: (-1) bins.Rd:54: Lost braces in \itemize; \value handles \item{}{} directly checkRd: (-1) bins.Rd:55: Lost braces in \itemize; \value handles \item{}{} directly checkRd: (-1) bins.greedy.Rd:45: Lost braces in \itemize; \value handles \item{}{} directly checkRd: (-1) bins.greedy.Rd:46: Lost braces in \itemize; \value handles \item{}{} directly checkRd: (-1) bins.greedy.Rd:47: Lost braces in \itemize; \value handles \item{}{} directly checkRd: (-1) bins.greedy.Rd:48: Lost braces in \itemize; \value handles \item{}{} directly checkRd: (-1) bins.greedy.Rd:49: Lost braces in \itemize; \value handles \item{}{} directly checkRd: (-1) bins.optimize.Rd:54: Lost braces in \itemize; \value handles \item{}{} directly checkRd: (-1) bins.optimize.Rd:55: Lost braces in \itemize; \value handles \item{}{} directly checkRd: (-1) bins.optimize.Rd:56: Lost braces in \itemize; \value handles \item{}{} directly checkRd: (-1) bins.optimize.Rd:57: Lost braces in \itemize; \value handles \item{}{} directly checkRd: (-1) bins.optimize.Rd:58: Lost braces in \itemize; \value handles \item{}{} directly checkRd: (-1) bins.optimize.Rd:59: Lost braces in \itemize; \value handles \item{}{} directly checkRd: (-1) bins.optimize.Rd:60: Lost braces in \itemize; \value handles \item{}{} directly checkRd: (-1) bins.optimize.Rd:61: Lost braces in \itemize; \value handles \item{}{} directly checkRd: (-1) bins.optimize.Rd:62: Lost braces in \itemize; \value handles \item{}{} directly checkRd: (-1) bins.optimize.Rd:63: Lost braces in \itemize; \value handles \item{}{} directly Flavors: r-devel-linux-x86_64-debian-clang, r-devel-linux-x86_64-debian-gcc, r-devel-linux-x86_64-fedora-clang, r-devel-linux-x86_64-fedora-gcc, r-prerel-macos-arm64, r-prerel-windows-x86_64, r-patched-linux-x86_64