CRAN Package Check Results for Package binomialMix

Last updated on 2020-08-11 03:47:42 CEST.

Flavor Version Tinstall Tcheck Ttotal Status Flags
r-devel-linux-x86_64-debian-clang 1.0.1 4.97 176.64 181.61 OK
r-devel-linux-x86_64-debian-gcc 1.0.1 3.53 140.53 144.06 OK
r-devel-linux-x86_64-fedora-clang 1.0.1 210.18 NOTE
r-devel-linux-x86_64-fedora-gcc 1.0.1 209.18 NOTE
r-devel-windows-ix86+x86_64 1.0.1 13.00 240.00 253.00 OK
r-patched-linux-x86_64 1.0.1 4.39 168.93 173.32 OK
r-patched-solaris-x86 1.0.1 375.70 NOTE
r-release-linux-x86_64 1.0.1 3.80 170.95 174.75 OK
r-release-macos-x86_64 1.0.1 NOTE
r-release-windows-ix86+x86_64 1.0.1 19.00 251.00 270.00 OK
r-oldrel-macos-x86_64 1.0.1 NOTE
r-oldrel-windows-ix86+x86_64 1.0.1 8.00 182.00 190.00 OK

Check Details

Version: 1.0.1
Check: dependencies in R code
Result: NOTE
    Namespace in Imports field not imported from: ‘lubridate’
     All declared Imports should be used.
Flavors: r-devel-linux-x86_64-fedora-clang, r-devel-linux-x86_64-fedora-gcc, r-patched-solaris-x86, r-release-macos-x86_64, r-oldrel-macos-x86_64