CRAN Package Check Results for Package binom

Last updated on 2024-02-26 04:49:21 CET.

Flavor Version Tinstall Tcheck Ttotal Status Flags
r-devel-linux-x86_64-debian-clang 1.1-1.1 5.83 47.33 53.16 NOTE
r-devel-linux-x86_64-debian-gcc 1.1-1.1 3.80 35.97 39.77 NOTE
r-devel-linux-x86_64-fedora-clang 1.1-1.1 64.56 NOTE
r-devel-linux-x86_64-fedora-gcc 1.1-1.1 63.69 NOTE
r-devel-windows-x86_64 1.1-1.1 7.00 57.00 64.00 OK
r-patched-linux-x86_64 1.1-1.1 6.11 46.46 52.57 OK
r-release-linux-x86_64 1.1-1.1 4.21 46.76 50.97 OK
r-release-macos-arm64 1.1-1.1 26.00 OK
r-release-macos-x86_64 1.1-1.1 36.00 OK
r-release-windows-x86_64 1.1-1.1 8.00 67.00 75.00 OK
r-oldrel-macos-arm64 1.1-1.1 23.00 OK
r-oldrel-windows-x86_64 1.1-1.1 8.00 69.00 77.00 OK

Check Details

Version: 1.1-1.1
Check: Rd files
Result: NOTE checkRd: (-1) binom.confint.Rd:28-29: Lost braces in \itemize; meant \describe ? checkRd: (-1) binom.confint.Rd:30-31: Lost braces in \itemize; meant \describe ? checkRd: (-1) binom.confint.Rd:32-37: Lost braces in \itemize; meant \describe ? checkRd: (-1) binom.confint.Rd:38: Lost braces in \itemize; meant \describe ? checkRd: (-1) binom.confint.Rd:39-40: Lost braces in \itemize; meant \describe ? checkRd: (-1) binom.confint.Rd:41: Lost braces in \itemize; meant \describe ? checkRd: (-1) binom.confint.Rd:42: Lost braces in \itemize; meant \describe ? checkRd: (-1) binom.confint.Rd:43: Lost braces in \itemize; meant \describe ? checkRd: (-1) binom.confint.Rd:44: Lost braces in \itemize; meant \describe ? checkRd: (-1) binom.confint.Rd:45: Lost braces in \itemize; meant \describe ? Flavors: r-devel-linux-x86_64-debian-clang, r-devel-linux-x86_64-debian-gcc

Version: 1.1-1.1
Check: compiled code
Result: NOTE File ‘binom/libs/binom.so’: Found no calls to: ‘R_registerRoutines’, ‘R_useDynamicSymbols’ It is good practice to register native routines and to disable symbol search. See ‘Writing portable packages’ in the ‘Writing R Extensions’ manual. Flavors: r-devel-linux-x86_64-fedora-clang, r-devel-linux-x86_64-fedora-gcc