CRAN Package Check Results for Package bingat

Last updated on 2024-03-02 16:54:40 CET.

Flavor Version Tinstall Tcheck Ttotal Status Flags
r-devel-linux-x86_64-debian-clang 1.3 12.17 94.05 106.22 OK
r-devel-linux-x86_64-debian-gcc 1.3 8.74 69.91 78.65 OK
r-devel-linux-x86_64-fedora-clang 1.3 129.39 NOTE
r-devel-linux-x86_64-fedora-gcc 1.3 123.41 OK
r-devel-windows-x86_64 1.3 11.00 86.00 97.00 OK
r-patched-linux-x86_64 1.3 11.39 89.95 101.34 OK
r-release-linux-x86_64 1.3 11.71 89.99 101.70 OK
r-release-macos-arm64 1.3 47.00 OK
r-release-macos-x86_64 1.3 66.00 OK
r-release-windows-x86_64 1.3 15.00 99.00 114.00 OK
r-oldrel-macos-arm64 1.3 39.00 OK
r-oldrel-windows-x86_64 1.3 14.00 110.00 124.00 OK

Check Details

Version: 1.3
Check: Rd cross-references
Result: NOTE Undeclared package ‘genalg’ in Rd xrefs Flavor: r-devel-linux-x86_64-fedora-clang