CRAN Package Check Results for Package bigsparser

Last updated on 2024-02-29 04:54:09 CET.

Flavor Version Tinstall Tcheck Ttotal Status Flags
r-devel-linux-x86_64-debian-clang 0.6.1 76.96 79.02 155.98 NOTE
r-devel-linux-x86_64-debian-gcc 0.6.1 59.11 60.67 119.78 NOTE
r-devel-linux-x86_64-fedora-clang 0.6.1 215.80 NOTE
r-devel-linux-x86_64-fedora-gcc 0.6.1 221.50 NOTE
r-devel-windows-x86_64 0.6.1 74.00 95.00 169.00 NOTE
r-patched-linux-x86_64 0.6.1 69.89 77.77 147.66 NOTE
r-release-linux-x86_64 0.6.1 69.34 77.42 146.76 NOTE
r-release-macos-arm64 0.6.1 64.00 NOTE
r-release-macos-x86_64 0.6.1 96.00 NOTE
r-release-windows-x86_64 0.6.1 91.00 111.00 202.00 NOTE
r-oldrel-macos-arm64 0.6.1 53.00 NOTE
r-oldrel-windows-x86_64 0.6.1 91.00 113.00 204.00 OK

Check Details

Version: 0.6.1
Check: C++ specification
Result: NOTE Specified C++11: please drop specification unless essential Flavors: r-devel-linux-x86_64-debian-clang, r-devel-linux-x86_64-debian-gcc, r-devel-linux-x86_64-fedora-clang, r-devel-linux-x86_64-fedora-gcc, r-devel-windows-x86_64, r-patched-linux-x86_64, r-release-linux-x86_64, r-release-macos-arm64, r-release-macos-x86_64, r-release-windows-x86_64

Version: 0.6.1
Check: dependencies in R code
Result: NOTE Namespace in Imports field not imported from: ‘rmio’ All declared Imports should be used. Flavors: r-devel-linux-x86_64-fedora-clang, r-devel-linux-x86_64-fedora-gcc, r-oldrel-macos-arm64