Last updated on 2023-12-08 05:01:59 CET.
Flavor | Version | Tinstall | Tcheck | Ttotal | Status | Flags |
---|---|---|---|---|---|---|
r-devel-linux-x86_64-debian-clang | 1.12.2 | 287.89 | 284.19 | 572.08 | OK | |
r-devel-linux-x86_64-debian-gcc | 1.12.2 | 190.87 | 211.18 | 402.05 | OK | |
r-devel-linux-x86_64-fedora-clang | 1.12.2 | 858.49 | OK | |||
r-devel-linux-x86_64-fedora-gcc | 1.12.2 | 786.22 | OK | |||
r-devel-windows-x86_64 | 1.12.2 | 262.00 | 251.00 | 513.00 | OK | |
r-patched-linux-x86_64 | 1.12.2 | 172.92 | 264.75 | 437.67 | OK | |
r-release-linux-x86_64 | 1.12.2 | 176.53 | 263.28 | 439.81 | OK | |
r-release-macos-arm64 | 1.12.2 | 206.00 | NOTE | |||
r-release-macos-x86_64 | 1.12.2 | 327.00 | NOTE | |||
r-release-windows-x86_64 | 1.12.2 | 343.00 | 320.00 | 663.00 | OK | |
r-oldrel-macos-arm64 | 1.12.2 | 199.00 | NOTE | |||
r-oldrel-macos-x86_64 | 1.12.2 | 244.00 | NOTE | |||
r-oldrel-windows-x86_64 | 1.12.2 | 317.00 | 308.00 | 625.00 | OK |
Version: 1.12.2
Check: installed package size
Result: NOTE
installed size is 9.4Mb
sub-directories of 1Mb or more:
libs 8.0Mb
Flavors: r-release-macos-arm64, r-release-macos-x86_64, r-oldrel-macos-arm64, r-oldrel-macos-x86_64
Version: 1.12.2
Check: package dependencies
Result: NOTE
Package suggested but not available for checking: ‘gaston’
Flavor: r-release-macos-x86_64