CRAN Package Check Results for Package bggAnalytics

Last updated on 2024-02-25 04:51:00 CET.

Flavor Version Tinstall Tcheck Ttotal Status Flags
r-devel-linux-x86_64-debian-clang 0.2.1 7.87 48.76 56.63 NOTE
r-devel-linux-x86_64-debian-gcc 0.2.1 5.78 36.74 42.52 NOTE
r-devel-linux-x86_64-fedora-clang 0.2.1 69.67 OK
r-devel-linux-x86_64-fedora-gcc 0.2.1 67.34 OK
r-devel-windows-x86_64 0.2.1 8.00 67.00 75.00 OK
r-patched-linux-x86_64 0.2.1 6.97 46.66 53.63 OK
r-release-linux-x86_64 0.2.1 8.77 46.93 55.70 OK
r-release-macos-arm64 0.2.1 30.00 OK
r-release-macos-x86_64 0.2.1 42.00 OK
r-release-windows-x86_64 0.2.1 10.00 69.00 79.00 OK
r-oldrel-macos-arm64 0.2.1 28.00 OK
r-oldrel-windows-x86_64 0.2.1 11.00 68.00 79.00 OK

Check Details

Version: 0.2.1
Check: Rd files
Result: NOTE checkRd: (-1) bggCollection.Rd:63-64: Lost braces in \itemize; meant \describe ? checkRd: (-1) bggCollection.Rd:65-67: Lost braces in \itemize; meant \describe ? checkRd: (-1) bggCollection.Rd:68-69: Lost braces in \itemize; meant \describe ? checkRd: (-1) bggCollection.Rd:70-73: Lost braces in \itemize; meant \describe ? checkRd: (-1) bggCollection.Rd:74-76: Lost braces in \itemize; meant \describe ? checkRd: (-1) bggCollection.Rd:77-80: Lost braces in \itemize; meant \describe ? checkRd: (-1) bggGames.Rd:68-69: Lost braces in \itemize; meant \describe ? checkRd: (-1) bggGames.Rd:70-72: Lost braces in \itemize; meant \describe ? checkRd: (-1) bggSearch.Rd:66-67: Lost braces in \itemize; meant \describe ? checkRd: (-1) bggSearch.Rd:68-71: Lost braces in \itemize; meant \describe ? checkRd: (-1) bggSearch.Rd:72-73: Lost braces in \itemize; meant \describe ? Flavors: r-devel-linux-x86_64-debian-clang, r-devel-linux-x86_64-debian-gcc