CRAN Package Check Results for Package bfsMaps

Last updated on 2024-02-27 16:49:10 CET.

Flavor Version Tinstall Tcheck Ttotal Status Flags
r-devel-linux-x86_64-debian-clang 1.99.3 13.01 123.12 136.13 OK
r-devel-linux-x86_64-debian-gcc 1.99.3 10.34 92.46 102.80 OK
r-devel-linux-x86_64-fedora-clang 1.99.3 173.76 NOTE
r-devel-linux-x86_64-fedora-gcc 1.99.3 184.56 NOTE
r-devel-windows-x86_64 1.99.3 11.00 97.00 108.00 OK
r-patched-linux-x86_64 1.99.3 17.51 118.01 135.52 OK
r-release-linux-x86_64 1.99.3 11.28 117.81 129.09 OK
r-release-macos-arm64 1.99.3 52.00 OK
r-release-macos-x86_64 1.99.3 120.00 OK
r-release-windows-x86_64 1.99.3 15.00 118.00 133.00 OK
r-oldrel-macos-arm64 1.99.3 46.00 OK
r-oldrel-windows-x86_64 1.99.3 15.00 124.00 139.00 OK

Check Details

Version: 1.99.3
Check: data for non-ASCII characters
Result: NOTE Note: found 379 marked UTF-8 strings Flavors: r-devel-linux-x86_64-fedora-clang, r-devel-linux-x86_64-fedora-gcc