CRAN Package Check Results for Package betategarch

Last updated on 2020-08-11 03:47:42 CEST.

Flavor Version Tinstall Tcheck Ttotal Status Flags
r-devel-linux-x86_64-debian-clang 3.3 3.92 27.83 31.75 OK
r-devel-linux-x86_64-debian-gcc 3.3 3.05 22.20 25.25 OK
r-devel-linux-x86_64-fedora-clang 3.3 48.17 NOTE
r-devel-linux-x86_64-fedora-gcc 3.3 38.97 NOTE
r-devel-windows-ix86+x86_64 3.3 18.00 67.00 85.00 OK
r-patched-linux-x86_64 3.3 3.82 27.71 31.53 OK
r-patched-solaris-x86 3.3 58.50 OK
r-release-linux-x86_64 3.3 3.51 27.38 30.89 OK
r-release-macos-x86_64 3.3 OK
r-release-windows-ix86+x86_64 3.3 14.00 71.00 85.00 OK
r-oldrel-macos-x86_64 3.3 OK
r-oldrel-windows-ix86+x86_64 3.3 9.00 66.00 75.00 OK

Check Details

Version: 3.3
Check: compiled code
Result: NOTE
    File ‘betategarch/libs/betategarch.so’:
     Found no calls to: ‘R_registerRoutines’, ‘R_useDynamicSymbols’
    
    It is good practice to register native routines and to disable symbol
    search.
    
    See ‘Writing portable packages’ in the ‘Writing R Extensions’ manual.
Flavors: r-devel-linux-x86_64-fedora-clang, r-devel-linux-x86_64-fedora-gcc