Last updated on 2023-11-30 05:50:45 CET.
Flavor | Version | Tinstall | Tcheck | Ttotal | Status | Flags |
---|---|---|---|---|---|---|
r-devel-linux-x86_64-debian-clang | 1.22.0 | 9.37 | 116.90 | 126.27 | NOTE | |
r-devel-linux-x86_64-debian-gcc | 1.22.0 | 8.82 | 86.16 | 94.98 | NOTE | |
r-devel-linux-x86_64-fedora-clang | 1.22.0 | 174.79 | OK | |||
r-devel-linux-x86_64-fedora-gcc | 1.22.0 | 169.41 | OK | |||
r-devel-windows-x86_64 | 1.22.0 | 11.00 | 132.00 | 143.00 | OK | |
r-patched-linux-x86_64 | 1.22.0 | 15.07 | 111.98 | 127.05 | OK | |
r-release-linux-x86_64 | 1.22.0 | 10.34 | 112.33 | 122.67 | OK | |
r-release-macos-arm64 | 1.22.0 | 63.00 | OK | |||
r-release-macos-x86_64 | 1.22.0 | 126.00 | OK | |||
r-release-windows-x86_64 | 1.22.0 | 12.00 | 167.00 | 179.00 | OK | |
r-oldrel-macos-arm64 | 1.22.0 | 59.00 | OK | |||
r-oldrel-macos-x86_64 | 1.22.0 | 94.00 | OK | |||
r-oldrel-windows-x86_64 | 1.22.0 | 18.00 | 135.00 | 153.00 | OK |
Version: 1.22.0
Check: Rd files
Result: NOTE
checkRd: (-1) headtail.Rd:28: Lost braces
28 | Tries to find good methods of combining the two results according to {code{class(x)}}.
| ^
checkRd: (-1) headtail.Rd:28: Lost braces
28 | Tries to find good methods of combining the two results according to {code{class(x)}}.
| ^
checkRd: (-1) logAxis.Rd:47: Lost braces; missing escapes or markup?
47 | \item{expr}{Expression drawing over the ablines, like (points(x,y). Can be code within {braces}.}
| ^
checkRd: (-1) smallPlot.Rd:26: Lost braces; missing escapes or markup?
26 | \item{expr}{expression creating a plot. Can be code within {braces}.}
| ^
Flavors: r-devel-linux-x86_64-debian-clang, r-devel-linux-x86_64-debian-gcc