CRAN Package Check Results for Package beanz

Last updated on 2020-08-07 15:48:35 CEST.

Flavor Version Tinstall Tcheck Ttotal Status Flags
r-devel-linux-x86_64-debian-clang 2.4 791.81 225.34 1017.15 NOTE
r-devel-linux-x86_64-debian-gcc 2.4 624.77 192.75 817.52 NOTE
r-devel-linux-x86_64-fedora-clang 2.4 1384.23 NOTE
r-devel-linux-x86_64-fedora-gcc 2.4 1517.02 NOTE
r-devel-windows-ix86+x86_64 2.4 1869.00 393.00 2262.00 NOTE
r-patched-linux-x86_64 2.4 669.23 252.18 921.41 NOTE
r-patched-solaris-x86 2.4 1327.60 NOTE
r-release-linux-x86_64 2.4 678.67 251.86 930.53 NOTE
r-release-macos-x86_64 2.4 NOTE
r-release-windows-ix86+x86_64 2.4 1721.00 424.00 2145.00 NOTE
r-oldrel-macos-x86_64 2.4 FAIL
r-oldrel-windows-ix86+x86_64 2.4 1263.00 326.00 1589.00 NOTE

Check Details

Version: 2.4
Check: for GNU extensions in Makefiles
Result: NOTE
    GNU make is a SystemRequirements.
Flavors: r-devel-linux-x86_64-debian-clang, r-devel-linux-x86_64-debian-gcc, r-devel-linux-x86_64-fedora-clang, r-devel-linux-x86_64-fedora-gcc, r-devel-windows-ix86+x86_64, r-patched-linux-x86_64, r-patched-solaris-x86, r-release-linux-x86_64, r-release-macos-x86_64, r-release-windows-ix86+x86_64, r-oldrel-macos-x86_64, r-oldrel-windows-ix86+x86_64

Version: 2.4
Check: installed package size
Result: NOTE
     installed size is 123.6Mb
     sub-directories of 1Mb or more:
     libs 122.0Mb
Flavors: r-devel-linux-x86_64-fedora-clang, r-devel-windows-ix86+x86_64, r-patched-solaris-x86, r-release-macos-x86_64, r-release-windows-ix86+x86_64, r-oldrel-macos-x86_64, r-oldrel-windows-ix86+x86_64

Version: 2.4
Check: dependencies in R code
Result: NOTE
    Namespace in Imports field not imported from: ‘rstantools’
     All declared Imports should be used.
Flavors: r-devel-linux-x86_64-fedora-clang, r-devel-linux-x86_64-fedora-gcc, r-patched-solaris-x86, r-release-macos-x86_64, r-oldrel-macos-x86_64

Version: 2.4
Check: re-building of vignette outputs
Result: WARN
    Error(s) in re-building vignettes:
     ...
    --- re-building ‘beanz_vignettes.Rmd’ using rmarkdown
    Warning in engine$weave(file, quiet = quiet, encoding = enc) :
     Pandoc (>= 1.12.3) and/or pandoc-citeproc not available. Falling back to R Markdown v1.
    
    Execution halted
Flavor: r-oldrel-macos-x86_64

Version: 2.4
Check: PDF version of manual
Result: FAIL
Flavor: r-oldrel-macos-x86_64