CRAN Package Check Results for Package bea.R

Last updated on 2020-08-10 06:47:19 CEST.

Flavor Version Tinstall Tcheck Ttotal Status Flags
r-devel-linux-x86_64-debian-clang 1.0.6 6.72 56.78 63.50 OK
r-devel-linux-x86_64-debian-gcc 1.0.6 6.06 41.77 47.83 OK
r-devel-linux-x86_64-fedora-clang 1.0.6 80.87 NOTE
r-devel-linux-x86_64-fedora-gcc 1.0.6 70.48 NOTE
r-devel-windows-ix86+x86_64 1.0.6 17.00 96.00 113.00 OK
r-patched-linux-x86_64 1.0.6 6.97 54.03 61.00 OK
r-patched-solaris-x86 1.0.6 110.20 NOTE
r-release-linux-x86_64 1.0.6 7.91 54.00 61.91 OK
r-release-macos-x86_64 1.0.6 NOTE
r-release-windows-ix86+x86_64 1.0.6 27.00 108.00 135.00 OK
r-oldrel-macos-x86_64 1.0.6 NOTE
r-oldrel-windows-ix86+x86_64 1.0.6 16.00 59.00 75.00 OK

Check Details

Version: 1.0.6
Check: package dependencies
Result: NOTE
    Imports includes 22 non-default packages.
    Importing from so many packages makes the package vulnerable to any of
    them becoming unavailable. Move as many as possible to Suggests and
    use conditionally.
Flavor: r-devel-linux-x86_64-fedora-clang

Version: 1.0.6
Check: dependencies in R code
Result: NOTE
    Namespaces in Imports field not imported from:
     ‘Rcpp’ ‘chron’ ‘colorspace’ ‘gtable’ ‘htmltools’ ‘htmlwidgets’
     ‘httpuv’ ‘magrittr’ ‘munsell’ ‘plyr’ ‘scales’ ‘stringi’ ‘xtable’
     ‘yaml’
     All declared Imports should be used.
Flavors: r-devel-linux-x86_64-fedora-clang, r-devel-linux-x86_64-fedora-gcc, r-patched-solaris-x86, r-release-macos-x86_64, r-oldrel-macos-x86_64