CRAN Package Check Results for Package bdsmatrix

Last updated on 2024-03-01 16:49:14 CET.

Flavor Version Tinstall Tcheck Ttotal Status Flags
r-devel-linux-x86_64-debian-clang 1.3-6 13.68 55.61 69.29 WARN
r-devel-linux-x86_64-debian-gcc 1.3-6 9.35 41.13 50.48 WARN
r-devel-linux-x86_64-fedora-clang 1.3-6 82.64 WARN
r-devel-linux-x86_64-fedora-gcc 1.3-6 82.80 WARN
r-devel-windows-x86_64 1.3-6 18.00 62.00 80.00 WARN
r-patched-linux-x86_64 1.3-6 12.41 52.34 64.75 OK
r-release-linux-x86_64 1.3-6 12.50 52.94 65.44 OK
r-release-macos-arm64 1.3-6 31.00 OK
r-release-macos-x86_64 1.3-6 46.00 OK
r-release-windows-x86_64 1.3-6 21.00 70.00 91.00 OK
r-oldrel-macos-arm64 1.3-6 31.00 OK
r-oldrel-windows-x86_64 1.3-6 68.00 83.00 151.00 OK

Check Details

Version: 1.3-6
Check: whether package can be installed
Result: WARN Found the following significant warnings: Warning in is.R() : 'is.R' is deprecated. See ‘/home/hornik/tmp/R.check/r-devel-clang/Work/PKGS/bdsmatrix.Rcheck/00install.out’ for details. * used C compiler: ‘Debian clang version 17.0.6 (5)’ Flavor: r-devel-linux-x86_64-debian-clang

Version: 1.3-6
Check: whether package can be installed
Result: WARN Found the following significant warnings: Warning in is.R() : 'is.R' is deprecated. See ‘/home/hornik/tmp/R.check/r-devel-gcc/Work/PKGS/bdsmatrix.Rcheck/00install.out’ for details. * used C compiler: ‘gcc-13 (Debian 13.2.0-13) 13.2.0’ Flavor: r-devel-linux-x86_64-debian-gcc

Version: 1.3-6
Check: whether package can be installed
Result: WARN Found the following significant warnings: Warning in is.R() : 'is.R' is deprecated. See ‘/data/gannet/ripley/R/packages/tests-clang/bdsmatrix.Rcheck/00install.out’ for details. * used C compiler: ‘clang version 18.1.0rc’ Flavor: r-devel-linux-x86_64-fedora-clang

Version: 1.3-6
Check: whether package can be installed
Result: WARN Found the following significant warnings: Warning in is.R() : 'is.R' is deprecated. See ‘/data/gannet/ripley/R/packages/tests-devel/bdsmatrix.Rcheck/00install.out’ for details. * used C compiler: ‘gcc-13 (GCC) 13.2.0’ Flavor: r-devel-linux-x86_64-fedora-gcc

Version: 1.3-6
Check: whether package can be installed
Result: WARN Found the following significant warnings: Warning in is.R() : 'is.R' is deprecated. See 'd:/Rcompile/CRANpkg/local/4.4/bdsmatrix.Rcheck/00install.out' for details. * used C compiler: 'gcc.exe (GCC) 12.3.0' Flavor: r-devel-windows-x86_64