CRAN Package Check Results for Package bcrm

Last updated on 2024-02-26 04:49:21 CET.

Flavor Version Tinstall Tcheck Ttotal Status Flags
r-devel-linux-x86_64-debian-clang 0.5.4 8.81 63.81 72.62 OK
r-devel-linux-x86_64-debian-gcc 0.5.4 7.08 47.60 54.68 OK
r-devel-linux-x86_64-fedora-clang 0.5.4 89.67 NOTE
r-devel-linux-x86_64-fedora-gcc 0.5.4 91.39 NOTE
r-devel-windows-x86_64 0.5.4 9.00 65.00 74.00 NOTE
r-patched-linux-x86_64 0.5.4 10.46 61.41 71.87 OK
r-release-linux-x86_64 0.5.4 7.25 62.02 69.27 OK
r-release-macos-arm64 0.5.4 30.00 NOTE
r-release-macos-x86_64 0.5.4 42.00 NOTE
r-release-windows-x86_64 0.5.4 12.00 74.00 86.00 NOTE
r-oldrel-macos-arm64 0.5.4 28.00 NOTE
r-oldrel-windows-x86_64 0.5.4 11.00 79.00 90.00 NOTE

Check Details

Version: 0.5.4
Check: dependencies in R code
Result: NOTE Namespaces in Imports field not imported from: ‘knitr’ ‘rlang’ All declared Imports should be used. Flavors: r-devel-linux-x86_64-fedora-clang, r-devel-linux-x86_64-fedora-gcc, r-oldrel-macos-arm64

Version: 0.5.4
Check: package dependencies
Result: NOTE Package suggested but not available for checking: 'BRugs' Flavors: r-devel-windows-x86_64, r-release-macos-arm64, r-release-macos-x86_64, r-release-windows-x86_64, r-oldrel-macos-arm64, r-oldrel-windows-x86_64