CRAN Package Check Results for Package bcp

Last updated on 2020-08-11 03:47:42 CEST.

Flavor Version Tinstall Tcheck Ttotal Status Flags
r-devel-linux-x86_64-debian-clang 4.0.3 107.55 40.10 147.65 OK
r-devel-linux-x86_64-debian-gcc 4.0.3 82.40 29.92 112.32 OK
r-devel-linux-x86_64-fedora-clang 4.0.3 211.32 NOTE
r-devel-linux-x86_64-fedora-gcc 4.0.3 192.70 OK
r-devel-windows-ix86+x86_64 4.0.3 258.00 114.00 372.00 OK
r-patched-linux-x86_64 4.0.3 82.96 38.95 121.91 OK
r-patched-solaris-x86 4.0.3 180.60 OK
r-release-linux-x86_64 4.0.3 88.32 39.13 127.45 OK
r-release-macos-x86_64 4.0.3 NOTE
r-release-windows-ix86+x86_64 4.0.3 258.00 117.00 375.00 OK
r-oldrel-macos-x86_64 4.0.3 NOTE
r-oldrel-windows-ix86+x86_64 4.0.3 166.00 74.00 240.00 OK

Check Details

Version: 4.0.3
Check: installed package size
Result: NOTE
     installed size is 6.7Mb
     sub-directories of 1Mb or more:
     libs 6.5Mb
Flavors: r-devel-linux-x86_64-fedora-clang, r-release-macos-x86_64

Version: 4.0.3
Check: package dependencies
Result: NOTE
    Package suggested but not available for checking: ‘DNAcopy’
Flavor: r-oldrel-macos-x86_64