CRAN Package Check Results for Package bayesvl

Last updated on 2020-10-30 03:50:08 CET.

Flavor Version Tinstall Tcheck Ttotal Status Flags
r-devel-linux-x86_64-debian-clang 0.8.5 12.68 91.23 103.91 OK
r-devel-linux-x86_64-debian-gcc 0.8.5 12.26 68.44 80.70 OK
r-devel-linux-x86_64-fedora-clang 0.8.5 138.59 NOTE
r-devel-linux-x86_64-fedora-gcc 0.8.5 132.49 NOTE
r-devel-windows-ix86+x86_64 0.8.5 37.00 119.00 156.00 OK
r-patched-linux-x86_64 0.8.5 14.47 82.63 97.10 OK
r-patched-solaris-x86 0.8.5 173.00 NOTE
r-release-linux-x86_64 0.8.5 14.29 81.31 95.60 OK
r-release-macos-x86_64 0.8.5 NOTE
r-release-windows-ix86+x86_64 0.8.5 26.00 121.00 147.00 OK
r-oldrel-macos-x86_64 0.8.5 NOTE
r-oldrel-windows-ix86+x86_64 0.8.5 29.00 111.00 140.00 OK

Check Details

Version: 0.8.5
Check: dependencies in R code
Result: NOTE
    Namespace in Imports field not imported from: ‘dplyr’
     All declared Imports should be used.
Flavors: r-devel-linux-x86_64-fedora-clang, r-devel-linux-x86_64-fedora-gcc, r-patched-solaris-x86, r-release-macos-x86_64, r-oldrel-macos-x86_64