CRAN Package Check Results for Package bayestestR

Last updated on 2020-05-27 03:48:26 CEST.

Flavor Version Tinstall Tcheck Ttotal Status Flags
r-devel-linux-x86_64-debian-clang 0.6.0 9.13 350.63 359.76 OK
r-devel-linux-x86_64-debian-gcc 0.6.0 6.85 256.98 263.83 OK
r-devel-linux-x86_64-fedora-clang 0.6.0 434.20 OK
r-devel-linux-x86_64-fedora-gcc 0.6.0 432.05 OK
r-devel-windows-ix86+x86_64 0.6.0 19.00 612.00 631.00 OK
r-patched-linux-x86_64 0.6.0 8.34 229.67 238.01 NOTE
r-patched-solaris-x86 0.6.0 636.20 OK
r-release-linux-x86_64 0.6.0 9.10 337.51 346.61 OK
r-release-osx-x86_64 0.6.0 OK
r-release-windows-ix86+x86_64 0.6.0 13.00 605.00 618.00 OK
r-oldrel-osx-x86_64 0.6.0 OK
r-oldrel-windows-ix86+x86_64 0.6.0 20.00 507.00 527.00 OK

Check Details

Version: 0.6.0
Check: package dependencies
Result: NOTE
    Package suggested but not available for checking: ‘rstanarm’
Flavor: r-patched-linux-x86_64