Last updated on 2023-12-07 16:49:25 CET.
Flavor | Version | Tinstall | Tcheck | Ttotal | Status | Flags |
---|---|---|---|---|---|---|
r-devel-linux-x86_64-debian-clang | 3.1-6 | 670.11 | 534.43 | 1204.54 | OK | |
r-devel-linux-x86_64-debian-gcc | 3.1-6 | 459.02 | 323.30 | 782.32 | OK | |
r-devel-linux-x86_64-fedora-clang | 3.1-6 | 1778.80 | NOTE | |||
r-devel-linux-x86_64-fedora-gcc | 3.1-6 | 1629.88 | OK | |||
r-devel-windows-x86_64 | 3.1-6 | 496.00 | 429.00 | 925.00 | NOTE | |
r-patched-linux-x86_64 | 3.1-6 | 549.62 | 452.91 | 1002.53 | OK | |
r-release-linux-x86_64 | 3.1-6 | 544.91 | 446.38 | 991.29 | OK | |
r-release-macos-arm64 | 3.1-6 | 338.00 | NOTE | |||
r-release-macos-x86_64 | 3.1-6 | 594.00 | NOTE | |||
r-release-windows-x86_64 | 3.1-6 | 637.00 | 504.00 | 1141.00 | NOTE | |
r-oldrel-macos-arm64 | 3.1-6 | 304.00 | NOTE | |||
r-oldrel-macos-x86_64 | 3.1-6 | 573.00 | NOTE | |||
r-oldrel-windows-x86_64 | 3.1-6 | 599.00 | 489.00 | 1088.00 | NOTE |
Version: 3.1-6
Check: installed package size
Result: NOTE
installed size is 5.9Mb
sub-directories of 1Mb or more:
doc 2.9Mb
libs 1.4Mb
Flavors: r-devel-linux-x86_64-fedora-clang, r-devel-windows-x86_64, r-release-macos-arm64, r-release-macos-x86_64, r-release-windows-x86_64, r-oldrel-macos-arm64, r-oldrel-macos-x86_64, r-oldrel-windows-x86_64