CRAN Package Check Results for Package bayesm

Last updated on 2020-08-04 03:47:43 CEST.

Flavor Version Tinstall Tcheck Ttotal Status Flags
r-devel-linux-x86_64-debian-clang 3.1-4 644.17 428.14 1072.31 OK
r-devel-linux-x86_64-debian-gcc 3.1-4 473.01 301.01 774.02 OK
r-devel-linux-x86_64-fedora-clang 3.1-4 1446.22 NOTE
r-devel-linux-x86_64-fedora-gcc 3.1-4 1372.95 OK
r-devel-windows-ix86+x86_64 3.1-4 1555.00 467.00 2022.00 NOTE
r-patched-linux-x86_64 3.1-4 491.79 421.99 913.78 OK
r-patched-solaris-x86 3.1-4 1532.30 NOTE
r-release-linux-x86_64 3.1-4 506.51 410.52 917.03 OK
r-release-macos-x86_64 3.1-4 NOTE
r-release-windows-ix86+x86_64 3.1-4 1506.00 617.00 2123.00 NOTE
r-oldrel-macos-x86_64 3.1-4 NOTE
r-oldrel-windows-ix86+x86_64 3.1-4 1048.00 467.00 1515.00 NOTE

Check Details

Version: 3.1-4
Check: installed package size
Result: NOTE
     installed size is 34.9Mb
     sub-directories of 1Mb or more:
     doc 2.9Mb
     libs 30.4Mb
Flavors: r-devel-linux-x86_64-fedora-clang, r-devel-windows-ix86+x86_64, r-patched-solaris-x86, r-release-macos-x86_64, r-release-windows-ix86+x86_64, r-oldrel-macos-x86_64, r-oldrel-windows-ix86+x86_64