CRAN Package Check Results for Package bayescopulareg

Last updated on 2020-10-30 03:50:08 CET.

Flavor Version Tinstall Tcheck Ttotal Status Flags
r-devel-linux-x86_64-debian-clang 0.1.2 200.03 27.65 227.68 OK
r-devel-linux-x86_64-debian-gcc 0.1.2 146.44 21.61 168.05 OK
r-devel-linux-x86_64-fedora-clang 0.1.2 341.85 NOTE
r-devel-linux-x86_64-fedora-gcc 0.1.2 299.07 OK
r-devel-windows-ix86+x86_64 0.1.2 471.00 76.00 547.00 OK
r-patched-linux-x86_64 0.1.2 189.67 26.64 216.31 OK
r-patched-solaris-x86 0.1.2 249.30 OK
r-release-linux-x86_64 0.1.2 190.34 26.48 216.82 OK
r-release-macos-x86_64 0.1.2 NOTE
r-release-windows-ix86+x86_64 0.1.2 372.00 73.00 445.00 OK
r-oldrel-macos-x86_64 0.1.2 NOTE
r-oldrel-windows-ix86+x86_64 0.1.2 354.00 68.00 422.00 OK

Check Details

Version: 0.1.2
Check: installed package size
Result: NOTE
     installed size is 6.9Mb
     sub-directories of 1Mb or more:
     libs 6.8Mb
Flavors: r-devel-linux-x86_64-fedora-clang, r-release-macos-x86_64, r-oldrel-macos-x86_64