Last updated on 2021-01-23 16:47:46 CET.
Flavor | Version | Tinstall | Tcheck | Ttotal | Status | Flags |
---|---|---|---|---|---|---|
r-devel-linux-x86_64-debian-clang | 0.0.0.1 | 131.47 | 170.55 | 302.02 | NOTE | |
r-devel-linux-x86_64-debian-gcc | 0.0.0.1 | 112.62 | 130.01 | 242.63 | NOTE | |
r-devel-linux-x86_64-fedora-clang | 0.0.0.1 | 403.93 | NOTE | |||
r-devel-linux-x86_64-fedora-gcc | 0.0.0.1 | 416.77 | NOTE | |||
r-devel-windows-ix86+x86_64 | 0.0.0.1 | 336.00 | 417.00 | 753.00 | NOTE | |
r-patched-linux-x86_64 | 0.0.0.1 | 108.97 | 170.68 | 279.65 | NOTE | |
r-patched-solaris-x86 | 0.0.0.1 | 463.40 | NOTE | |||
r-release-linux-x86_64 | 0.0.0.1 | 98.44 | 171.10 | 269.54 | NOTE | |
r-release-macos-x86_64 | 0.0.0.1 | NOTE | ||||
r-release-windows-ix86+x86_64 | 0.0.0.1 | 303.00 | 414.00 | 717.00 | NOTE | |
r-oldrel-macos-x86_64 | 0.0.0.1 | NOTE | ||||
r-oldrel-windows-ix86+x86_64 | 0.0.0.1 | 237.00 | 398.00 | 635.00 | NOTE |
Version: 0.0.0.1
Check: for GNU extensions in Makefiles
Result: NOTE
GNU make is a SystemRequirements.
Flavors: r-devel-linux-x86_64-debian-clang, r-devel-linux-x86_64-debian-gcc, r-devel-linux-x86_64-fedora-clang, r-devel-linux-x86_64-fedora-gcc, r-devel-windows-ix86+x86_64, r-patched-linux-x86_64, r-patched-solaris-x86, r-release-linux-x86_64, r-release-macos-x86_64, r-release-windows-ix86+x86_64, r-oldrel-macos-x86_64, r-oldrel-windows-ix86+x86_64
Version: 0.0.0.1
Check: installed package size
Result: NOTE
installed size is 34.2Mb
sub-directories of 1Mb or more:
libs 33.8Mb
Flavors: r-devel-linux-x86_64-fedora-clang, r-release-macos-x86_64, r-oldrel-macos-x86_64
Version: 0.0.0.1
Check: dependencies in R code
Result: NOTE
Namespaces in Imports field not imported from:
‘magrittr’ ‘rstantools’
All declared Imports should be used.
Flavors: r-devel-linux-x86_64-fedora-clang, r-devel-linux-x86_64-fedora-gcc, r-patched-solaris-x86, r-release-macos-x86_64, r-oldrel-macos-x86_64