CRAN Package Check Results for Package bayesTFR

Last updated on 2020-06-04 03:49:11 CEST.

Flavor Version Tinstall Tcheck Ttotal Status Flags
r-devel-linux-x86_64-debian-clang 6.4-0 16.84 85.58 102.42 OK
r-devel-linux-x86_64-debian-gcc 6.4-0 11.33 63.88 75.21 OK
r-devel-linux-x86_64-fedora-clang 6.4-0 123.43 NOTE
r-devel-linux-x86_64-fedora-gcc 6.4-0 114.72 OK
r-devel-windows-ix86+x86_64 6.4-0 39.00 130.00 169.00 OK
r-patched-linux-x86_64 6.4-0 15.16 84.47 99.63 OK
r-patched-solaris-x86 6.4-0 159.20 OK
r-release-linux-x86_64 6.4-0 17.79 83.48 101.27 OK
r-release-osx-x86_64 6.4-0 NOTE
r-release-windows-ix86+x86_64 6.4-0 30.00 109.00 139.00 OK
r-oldrel-osx-x86_64 6.4-0 NOTE
r-oldrel-windows-ix86+x86_64 6.4-0 46.00 116.00 162.00 OK

Check Details

Version: 6.4-0
Check: installed package size
Result: NOTE
     installed size is 6.0Mb
     sub-directories of 1Mb or more:
     ex-data 4.7Mb
Flavors: r-devel-linux-x86_64-fedora-clang, r-release-osx-x86_64, r-oldrel-osx-x86_64