CRAN Package Check Results for Package bayesSurv

Last updated on 2020-06-06 03:48:21 CEST.

Flavor Version Tinstall Tcheck Ttotal Status Flags
r-devel-linux-x86_64-debian-clang 3.3 117.16 103.16 220.32 OK
r-devel-linux-x86_64-debian-gcc 3.3 99.38 78.92 178.30 OK
r-devel-linux-x86_64-fedora-clang 3.3 355.92 NOTE
r-devel-linux-x86_64-fedora-gcc 3.3 286.60 OK
r-devel-windows-ix86+x86_64 3.3 264.00 197.00 461.00 OK
r-patched-linux-x86_64 3.3 100.92 103.12 204.04 OK
r-patched-solaris-x86 3.3 276.90 OK
r-release-linux-x86_64 3.3 97.88 103.23 201.11 OK
r-release-osx-x86_64 3.3 NOTE
r-release-windows-ix86+x86_64 3.3 306.00 196.00 502.00 OK
r-oldrel-osx-x86_64 3.3 NOTE
r-oldrel-windows-ix86+x86_64 3.3 313.00 174.00 487.00 OK

Check Details

Version: 3.3
Check: installed package size
Result: NOTE
     installed size is 6.5Mb
     sub-directories of 1Mb or more:
     libs 5.2Mb
Flavors: r-devel-linux-x86_64-fedora-clang, r-release-osx-x86_64, r-oldrel-osx-x86_64