CRAN Package Check Results for Package bayesPO

Last updated on 2024-02-25 04:50:59 CET.

Flavor Version Tinstall Tcheck Ttotal Status Flags
r-devel-linux-x86_64-debian-clang 0.5.0 98.12 61.43 159.55 OK
r-devel-linux-x86_64-debian-gcc 0.5.0 77.16 49.91 127.07 OK
r-devel-linux-x86_64-fedora-clang 0.5.0 254.93 OK
r-devel-linux-x86_64-fedora-gcc 0.5.0 257.06 OK
r-devel-windows-x86_64 0.5.0 78.00 105.00 183.00 OK
r-patched-linux-x86_64 0.5.0 107.07 62.92 169.99 OK
r-release-linux-x86_64 0.5.0 102.43 62.35 164.78 OK
r-release-macos-arm64 0.5.0 74.00 NOTE
r-release-macos-x86_64 0.5.0 163.00 NOTE
r-release-windows-x86_64 0.5.0 99.00 117.00 216.00 OK
r-oldrel-macos-arm64 0.5.0 69.00 NOTE
r-oldrel-windows-x86_64 0.5.0 90.00 112.00 202.00 OK

Check Details

Version: 0.5.0
Check: installed package size
Result: NOTE installed size is 11.0Mb sub-directories of 1Mb or more: libs 10.4Mb Flavors: r-release-macos-arm64, r-release-macos-x86_64, r-oldrel-macos-arm64