CRAN Package Check Results for Package bate

Last updated on 2024-03-01 16:49:14 CET.

Flavor Version Tinstall Tcheck Ttotal Status Flags
r-devel-linux-x86_64-debian-clang 0.1.0 8.08 149.72 157.80 OK
r-devel-linux-x86_64-debian-gcc 0.1.0 5.51 109.70 115.21 OK
r-devel-linux-x86_64-fedora-clang 0.1.0 187.56 NOTE
r-devel-linux-x86_64-fedora-gcc 0.1.0 198.39 NOTE
r-devel-windows-x86_64 0.1.0 8.00 112.00 120.00 OK
r-patched-linux-x86_64 0.1.0 7.37 141.53 148.90 OK
r-release-linux-x86_64 0.1.0 5.54 141.55 147.09 OK
r-release-macos-arm64 0.1.0 61.00 OK
r-release-macos-x86_64 0.1.0 105.00 OK
r-release-windows-x86_64 0.1.0 10.00 150.00 160.00 OK
r-oldrel-macos-arm64 0.1.0 97.00 NOTE
r-oldrel-windows-x86_64 0.1.0 9.00 148.00 157.00 OK

Check Details

Version: 0.1.0
Check: dependencies in R code
Result: NOTE Namespace in Imports field not imported from: ‘vtable’ All declared Imports should be used. Flavors: r-devel-linux-x86_64-fedora-clang, r-devel-linux-x86_64-fedora-gcc, r-oldrel-macos-arm64