Last updated on 2023-12-04 05:08:58 CET.
Flavor | Version | Tinstall | Tcheck | Ttotal | Status | Flags |
---|---|---|---|---|---|---|
r-devel-linux-x86_64-debian-clang | 0.2.2 | 10.24 | 74.31 | 84.55 | NOTE | |
r-devel-linux-x86_64-debian-gcc | 0.2.2 | 6.68 | 54.32 | 61.00 | NOTE | |
r-devel-linux-x86_64-fedora-clang | 0.2.2 | 113.38 | NOTE | |||
r-devel-linux-x86_64-fedora-gcc | 0.2.2 | 97.49 | OK | |||
r-devel-windows-x86_64 | 0.2.2 | 8.00 | 73.00 | 81.00 | OK | |
r-patched-linux-x86_64 | 0.2.2 | 7.30 | 70.20 | 77.50 | OK | |
r-release-linux-x86_64 | 0.2.2 | 5.55 | 68.42 | 73.97 | OK | |
r-release-macos-arm64 | 0.2.2 | 34.00 | OK | |||
r-release-macos-x86_64 | 0.2.2 | 50.00 | OK | |||
r-release-windows-x86_64 | 0.2.2 | 11.00 | 84.00 | 95.00 | OK | |
r-oldrel-macos-arm64 | 0.2.2 | 25.00 | OK | |||
r-oldrel-macos-x86_64 | 0.2.2 | 43.00 | OK | |||
r-oldrel-windows-x86_64 | 0.2.2 | 12.00 | 87.00 | 99.00 | OK |
Version: 0.2.2
Check: Rd files
Result: NOTE
checkRd: (-1) bd_collect.Rd:30: Lost braces; missing escapes or markup?
30 | the {dplyr}'s verbs and thus use it in local memory completely.
| ^
checkRd: (-1) bd_write.Rd:52: Lost braces; missing escapes or markup?
52 | Writes a remote table to disk that was called via {bdplyr}.
| ^
checkRd: (-1) bdplyr.Rd:5: Lost braces; missing escapes or markup?
5 | \title{Compatibility with {dplyr} verbs without using SQL language}
| ^
Flavors: r-devel-linux-x86_64-debian-clang, r-devel-linux-x86_64-debian-gcc
Version: 0.2.2
Check: Rd cross-references
Result: NOTE
Undeclared packages ‘jsonlite’, ‘arrow’ in Rd xrefs
Flavor: r-devel-linux-x86_64-fedora-clang