CRAN Package Check Results for Package bapred

Last updated on 2024-02-25 04:50:59 CET.

Flavor Version Tinstall Tcheck Ttotal Status Flags
r-devel-linux-x86_64-debian-clang 1.1 38.89 334.02 372.91 OK
r-devel-linux-x86_64-debian-gcc 1.1 31.40 253.67 285.07 OK
r-devel-linux-x86_64-fedora-clang 1.1 480.20 OK
r-devel-linux-x86_64-fedora-gcc 1.1 462.53 OK
r-devel-windows-x86_64 1.1 30.00 242.00 272.00 OK
r-patched-linux-x86_64 1.1 24.83 324.71 349.54 OK
r-release-linux-x86_64 1.1 26.92 334.00 360.92 OK
r-release-macos-arm64 1.1 139.00 NOTE
r-release-macos-x86_64 1.1 250.00 NOTE
r-release-windows-x86_64 1.1 41.00 322.00 363.00 OK
r-oldrel-macos-arm64 1.1 120.00 NOTE
r-oldrel-windows-x86_64 1.1 41.00 315.00 356.00 OK

Check Details

Version: 1.1
Check: package dependencies
Result: NOTE Package suggested but not available for checking: ‘ArrayExpress’ Flavors: r-release-macos-arm64, r-release-macos-x86_64, r-oldrel-macos-arm64