CRAN Package Check Results for Package banxicoR

Last updated on 2020-08-08 15:46:40 CEST.

Flavor Version Tinstall Tcheck Ttotal Status Flags
r-devel-linux-x86_64-debian-clang 0.9.0 2.33 22.81 25.14 OK
r-devel-linux-x86_64-debian-gcc 0.9.0 1.87 17.84 19.71 OK
r-devel-linux-x86_64-fedora-clang 0.9.0 38.52 NOTE
r-devel-linux-x86_64-fedora-gcc 0.9.0 29.20 NOTE
r-devel-windows-ix86+x86_64 0.9.0 7.00 46.00 53.00 OK
r-patched-linux-x86_64 0.9.0 2.32 22.18 24.50 OK
r-patched-solaris-x86 0.9.0 50.40 NOTE
r-release-linux-x86_64 0.9.0 2.17 22.32 24.49 OK
r-release-macos-x86_64 0.9.0 NOTE
r-release-windows-ix86+x86_64 0.9.0 10.00 53.00 63.00 OK
r-oldrel-macos-x86_64 0.9.0 NOTE
r-oldrel-windows-ix86+x86_64 0.9.0 5.00 50.00 55.00 OK

Check Details

Version: 0.9.0
Check: data for non-ASCII characters
Result: NOTE
     Note: found 148 marked UTF-8 strings
Flavors: r-devel-linux-x86_64-fedora-clang, r-devel-linux-x86_64-fedora-gcc, r-patched-solaris-x86, r-release-macos-x86_64, r-oldrel-macos-x86_64