CRAN Package Check Results for Package baitmet

Last updated on 2020-08-11 03:47:41 CEST.

Flavor Version Tinstall Tcheck Ttotal Status Flags
r-devel-linux-x86_64-debian-clang 1.0.1 12.67 89.32 101.99 NOTE
r-devel-linux-x86_64-debian-gcc 1.0.1 9.38 67.45 76.83 NOTE
r-devel-linux-x86_64-fedora-clang 1.0.1 127.99 NOTE
r-devel-linux-x86_64-fedora-gcc 1.0.1 117.58 NOTE
r-devel-windows-ix86+x86_64 1.0.1 30.00 143.00 173.00 NOTE
r-patched-linux-x86_64 1.0.1 11.94 87.92 99.86 NOTE
r-patched-solaris-x86 1.0.1 177.90 NOTE
r-release-linux-x86_64 1.0.1 12.28 86.97 99.25 NOTE
r-release-macos-x86_64 1.0.1 NOTE
r-release-windows-ix86+x86_64 1.0.1 49.00 140.00 189.00 NOTE
r-oldrel-macos-x86_64 1.0.1 NOTE
r-oldrel-windows-ix86+x86_64 1.0.1 27.00 124.00 151.00 NOTE

Check Details

Version: 1.0.1
Check: package dependencies
Result: NOTE
    Package suggested but not available for checking: 'mzR'
Flavors: r-devel-linux-x86_64-debian-clang, r-devel-linux-x86_64-fedora-clang, r-patched-solaris-x86, r-oldrel-macos-x86_64

Version: 1.0.1
Check: dependencies in R code
Result: NOTE
    Unexported objects imported by ':::' calls:
     'erah:::avoid.processing' 'erah:::convertMSPspectra'
     'erah:::convertMSPspectra.dot' 'erah:::getC.rq' 'erah:::getS.OSD'
     'erah:::load.file' 'erah:::pre.process' 'erah:::sparse.to.vector'
     See the note in ?`:::` about the use of this operator.
Flavors: r-devel-linux-x86_64-debian-clang, r-devel-linux-x86_64-debian-gcc, r-devel-linux-x86_64-fedora-clang, r-devel-linux-x86_64-fedora-gcc, r-devel-windows-ix86+x86_64, r-patched-linux-x86_64, r-patched-solaris-x86, r-release-linux-x86_64, r-release-macos-x86_64, r-release-windows-ix86+x86_64, r-oldrel-windows-ix86+x86_64