Last updated on 2023-12-07 16:49:25 CET.
Flavor | Version | Tinstall | Tcheck | Ttotal | Status | Flags |
---|---|---|---|---|---|---|
r-devel-linux-x86_64-debian-clang | 2.1.2 | 24.32 | 69.63 | 93.95 | NOTE | |
r-devel-linux-x86_64-debian-gcc | 2.1.2 | 17.13 | 52.44 | 69.57 | NOTE | |
r-devel-linux-x86_64-fedora-clang | 2.1.2 | 131.83 | NOTE | |||
r-devel-linux-x86_64-fedora-gcc | 2.1.2 | 128.94 | NOTE | |||
r-devel-windows-x86_64 | 2.1.2 | 21.00 | 94.00 | 115.00 | NOTE | |
r-patched-linux-x86_64 | 2.1.2 | 25.47 | 69.92 | 95.39 | OK | |
r-release-linux-x86_64 | 2.1.2 | 20.07 | 68.69 | 88.76 | OK | |
r-release-macos-arm64 | 2.1.2 | 44.00 | OK | |||
r-release-macos-x86_64 | 2.1.2 | 67.00 | OK | |||
r-release-windows-x86_64 | 2.1.2 | 25.00 | 108.00 | 133.00 | OK | |
r-oldrel-macos-arm64 | 2.1.2 | 41.00 | OK | |||
r-oldrel-macos-x86_64 | 2.1.2 | 51.00 | OK | |||
r-oldrel-windows-x86_64 | 2.1.2 | 23.00 | 106.00 | 129.00 | OK |
Version: 2.1.2
Check: Rd \usage sections
Result: NOTE
Documented arguments not in \usage in Rd file 'write.narrative.Rd':
‘trials:’
Functions with \usage entries need to have the appropriate \alias
entries, and all their arguments documented.
The \usage entries must correspond to syntactically valid R code.
See chapter ‘Writing R documentation files’ in the ‘Writing R
Extensions’ manual.
Flavors: r-devel-linux-x86_64-debian-clang, r-devel-linux-x86_64-debian-gcc, r-devel-linux-x86_64-fedora-clang, r-devel-linux-x86_64-fedora-gcc, r-devel-windows-x86_64