CRAN Package Check Results for Package babelwhale

Last updated on 2024-02-26 16:56:17 CET.

Flavor Version Tinstall Tcheck Ttotal Status Flags
r-devel-linux-x86_64-debian-clang 1.2.0 10.66 97.47 108.13 OK
r-devel-linux-x86_64-debian-gcc 1.2.0 8.63 72.49 81.12 OK
r-devel-linux-x86_64-fedora-clang 1.2.0 137.72 NOTE
r-devel-linux-x86_64-fedora-gcc 1.2.0 129.79 NOTE
r-devel-windows-x86_64 1.2.0 10.00 81.00 91.00 OK
r-patched-linux-x86_64 1.2.0 10.86 92.99 103.85 OK
r-release-linux-x86_64 1.2.0 9.38 93.77 103.15 OK
r-release-macos-arm64 1.2.0 42.00 OK
r-release-macos-x86_64 1.2.0 88.00 OK
r-release-windows-x86_64 1.2.0 13.00 96.00 109.00 OK
r-oldrel-macos-arm64 1.2.0 41.00 OK
r-oldrel-windows-x86_64 1.2.0 14.00 108.00 122.00 OK

Check Details

Version: 1.2.0
Check: for detritus in the temp directory
Result: NOTE Found the following files/directories: ‘containers-user-1234’ Flavors: r-devel-linux-x86_64-fedora-clang, r-devel-linux-x86_64-fedora-gcc