CRAN Package Check Results for Package bWGR

Last updated on 2020-10-25 15:48:42 CET.

Flavor Version Tinstall Tcheck Ttotal Status Flags
r-devel-linux-x86_64-debian-clang 1.6.6 54.87 34.14 89.01 OK
r-devel-linux-x86_64-debian-gcc 1.6.6 37.10 26.37 63.47 OK
r-devel-linux-x86_64-fedora-clang 1.6.6 114.83 NOTE
r-devel-linux-x86_64-fedora-gcc 1.6.6 99.18 OK
r-devel-windows-ix86+x86_64 1.6.6 89.00 78.00 167.00 OK
r-patched-linux-x86_64 1.6.6 50.94 32.29 83.23 OK
r-patched-solaris-x86 1.6.6 105.20 OK
r-release-linux-x86_64 1.6.6 50.26 32.23 82.49 OK
r-release-macos-x86_64 1.6.6 OK
r-release-windows-ix86+x86_64 1.6.6 67.00 57.00 124.00 OK
r-oldrel-macos-x86_64 1.6.6 OK
r-oldrel-windows-ix86+x86_64 1.6.6 82.00 56.00 138.00 OK

Check Details

Version: 1.6.6
Check: installed package size
Result: NOTE
     installed size is 6.0Mb
     sub-directories of 1Mb or more:
     libs 5.8Mb
Flavor: r-devel-linux-x86_64-fedora-clang